
6
Suppose 4 = -3*q + 2*m, -3*q + 0 = -5*m - 8. Suppose -2*l + 11 = -7. Let n = q + l. What is the units digit of n?
5
Suppose -2211 = -8*n - 459. Suppose 0 = -2*m + 6, 3*j - m - 148 = 4*j. Let v = n + j. What is the tens digit of v?
6
Let c(r) = 3*r**2 - 5*r - 11. Let y be c(6). What is the tens digit of 3/(0 + 3) + y?
6
Let t be -3 + 39 + 6/3. Suppose -6 = z - t. What is the units digit of z?
2
Suppose -5*i - h - 164 = -4434, -848 = -i + h. What is the hundreds digit of i?
8
Let p = 594 - -578. What is the units digit of p?
2
What is the units digit of 7/((-126)/(-4)) + 14574/27?
0
Suppose -7*j = -3*j - 320. Suppose -j = -3*i - 197. Let z = 56 + i. What is the units digit of z?
7
Let y(t) = 12*t**2 + 2*t + 1. Let u be y(1). Let d = 5 + u. What is the units digit of d?
0
Suppose -5*u + 28 = 4*z - 2*z, z = -u + 8. Suppose b - 19 = 2*b - 3*t, z*b + 144 = -5*t. Let x = -11 - b. What is the units digit of x?
0
Let f(v) = -v**3 - 6*v**2 + 5*v + 9. Let b be f(-7). Suppose b + 9 = -4*d. Let i(o) = 2*o**2 + 10*o - 14. What is the tens digit of i(d)?
3
Suppose -q + 3*s + 287 = -0*q, 2*s = 8. What is the tens digit of q?
9
Suppose -l + p = -4*l + 229, 0 = 5*l - 3*p - 405. Let t = l - 132. Let j = 101 + t. What is the units digit of j?
7
Suppose 0 = c + 3*c - 20. Suppose q - c + 0 = 0. Suppose q*j - 91 + 1 = 0. What is the tens digit of j?
1
Suppose 0 = 6*f - 3812 - 4780. What is the tens digit of f?
3
Suppose 5*d = -0*d. Suppose d = 2*o - 8 - 2. Suppose 0 = -0*m - m + o. What is the units digit of m?
5
Let c = -140 - -99. Let d = c - -84. Let h = -25 + d. What is the units digit of h?
8
Let z(t) = -5*t - 3. Suppose -s + 0*s + 5*c = 11, 5*c = 15. Suppose -2*l + 0 - s = 0. What is the units digit of z(l)?
7
Suppose 6 = -4*f - r, r = f - r - 3. Suppose -4*k - 2 = -90. What is the units digit of (-1 + 2)*k - f?
3
Suppose -r = 8*r + 9. Suppose -4*h = -7 + 91. Let a = r - h. What is the units digit of a?
0
Let r(d) = 3*d**2 - 41*d + 8. What is the hundreds digit of r(-28)?
5
Suppose 0*v - 17 = -v. What is the tens digit of v - (-3)/(3/(-2))?
1
Let s = 44 - 44. Suppose s = 12*k + 342 - 1494. What is the units digit of k?
6
Let r be 2*(-2)/4 + 77. Suppose 2 = 3*w - 4, 4*l + 2*w = -r. Let i = l - -30. What is the units digit of i?
0
Let q(r) = -r**2 + 8*r - 3. Let l be q(7). Suppose -w = l*w - 50. Suppose -2*u = -w, 8*f + 3*u = 3*f + 155. What is the units digit of f?
8
Suppose -f + 8*i = 4*i - 1753, -3*f + 5242 = 5*i. What is the thousands digit of f?
1
Suppose -59*o + 3 = -60*o. Let z(i) = -3*i**3 - i**2 - 2*i - 3. What is the tens digit of z(o)?
7
Let b(s) = s**2 - 4*s - 10. Let n be b(-6). What is the tens digit of n/8*(-2 - -22)?
2
Let l(m) = -21*m**3 - m**2 + 5*m + 14. What is the thousands digit of l(-4)?
1
Let l = 0 + 5. Suppose -6*k = -k + a - 10, -k - l*a + 26 = 0. Suppose w - 19 + k = 0. What is the tens digit of w?
1
Let u be (-2 - 4) + 9 - (0 + -263). Suppose 3*k - u - 19 = 0. What is the tens digit of k?
9
Let t be (-3)/15 - (-221)/5. Suppose 3*w - t = 2*w. Suppose -7*v + w = -5*v. What is the units digit of v?
2
Let i = 11 + -5. Suppose -i = -2*u - u. Suppose -3*x - u*x + 30 = 0. What is the units digit of x?
6
Suppose -p - 18 = -5*g, -3*p - 20 + 5 = -2*g. Suppose 2*q + 360 = 2*x, -g*x + 902 = 2*x - 3*q. What is the hundreds digit of x?
1
Let j = -73 + 78. Suppose -4*k - l = -793, -2*k + 0*l + j*l + 369 = 0. What is the hundreds digit of k?
1
Let t be (-10)/4*(-138)/5. Suppose -a - 5*j = -114, 4*a - 307 - t = -4*j. Suppose -29 + a = 3*s. What is the units digit of s?
0
Let u(x) = 339*x**2 + 29*x + 29. What is the units digit of u(-1)?
9
Let v(p) be the second derivative of 0*p**2 + 0*p**4 + 0 + 0*p**3 + 1/20*p**5 - 4*p. What is the units digit of v(2)?
8
What is the units digit of 2 + (-56)/30 - (-143032)/285?
2
Let i = 135 + -53. What is the units digit of (-4 - -4)/(-1) - (0 - i)?
2
Suppose -3*i + w = -2457, 16*i = 21*i + 3*w - 4109. What is the units digit of i?
0
Let p(s) = -s**3 - 10*s**2 + 9*s + 9. Let m be p(-11). Suppose 0 = 2*l + 10, 4*z + 3*l + m = -4. Let y(k) = k**2 - 6*k + 1. What is the units digit of y(z)?
6
Suppose -5*i + 15*d + 12125 = 10*d, 3*d - 7269 = -3*i. What is the thousands digit of i?
2
Let m be 35/10 + 2/(-4). Suppose 2*f = 7*f - 315. Suppose 3*r - m = f. What is the units digit of r?
2
Suppose -t - 1 = -6, 0 = -a - 3*t + 43. What is the tens digit of a?
2
Let o = 24 - 2. Suppose o = i + 3. What is the units digit of i?
9
Let n(z) = z**3 + 2*z**2 + 3*z - 5. Let k be n(4). Suppose -5*v = 0, -5*v - 13 = 3*f - k. What is the units digit of f?
0
Let y(c) = 2*c - 48. Let o be y(19). What is the units digit of (-53 - -50)/((-1)/o*-1)?
0
Let z(b) = -b**3 - 10*b**2 + 95*b - 25. What is the tens digit of z(-18)?
5
Let x(j) = j**3 + 27*j**2 + 21*j + 3. What is the hundreds digit of x(-25)?
7
Suppose -12*y + 2520 = -8*y. Let r = y + -388. What is the units digit of r?
2
Let p = 2151 - 1458. What is the tens digit of p?
9
Let f = -15 - -31. Let c = 1 + f. Let p = c - 3. What is the units digit of p?
4
Let h(y) = 21*y**3 - 4*y**2 + 6*y. Let k be h(3). Suppose 7*f - 4*f = k. What is the units digit of f?
3
Let k(n) be the second derivative of -34*n**3/3 - 9*n**2/2 + 7*n. What is the tens digit of k(-2)?
2
What is the units digit of 1962/(-4)*(-72)/162?
8
Suppose 1 = -l + 3. Suppose l*k + 1 = -2*b + 61, k - 25 = 4*b. Let v = -16 + k. What is the units digit of v?
3
Let i(o) = o**3 - 11*o**2 + 15*o + 84. What is the thousands digit of i(15)?
1
What is the hundreds digit of 8/(-44) + 8694/22?
3
Let d(i) = 3*i**2 - 146*i + 32. What is the hundreds digit of d(51)?
3
Let w = -16 - -43. Let o be w/18 - 30/(-4). Let v = o + -7. What is the units digit of v?
2
Suppose 4*v = -2 + 34. What is the tens digit of -6 - -23 - (4 - v)?
2
Let g = 2411 + -1161. What is the hundreds digit of g?
2
Let o(n) be the first derivative of -n**5/60 - 17*n**4/24 - 2*n**3 + 4*n**2 - 3. Let g(t) be the second derivative of o(t). What is the units digit of g(-15)?
8
Let f(k) = 734*k - 609. What is the units digit of f(6)?
5
Let h = 16 + -10. Suppose 2*c + 22 = 4*w, c + 0*c + 26 = 5*w. Suppose -5*t - w*x + 40 = 0, -h*x - 64 = -4*t - 2*x. What is the units digit of t?
2
Let c(h) = -h**2 - h. Let l(j) = -5*j**2 - 6*j + 1. Let q(f) = -2*c(f) + l(f). Let i be q(3). Let v = -16 - i. What is the tens digit of v?
2
Suppose 5*y - 3150 + 988 = -z, -z + 2126 = -4*y. What is the units digit of z?
2
Let t(f) = 38*f**2 + 18*f - 56. What is the thousands digit of t(10)?
3
Suppose -3000 = -5*y - 0*y. What is the tens digit of y?
0
What is the tens digit of 1517 + (-6)/14 + 22/(-14)?
1
Let n = -326 - -671. What is the hundreds digit of (-1)/(-5 - (-1722)/n)?
1
Let p = 70 - 48. Suppose -i - 2*s - s - 2 = 0, p = 5*i - s. What is the units digit of i?
4
Let l(h) = h**2 - 5*h. Let b be l(6). Let z(r) = -b*r - 3 + 2 - 3. What is the tens digit of z(-3)?
1
Let c = 344 + -324. What is the units digit of c?
0
Suppose -6*x = -4*x - 8. Suppose -n + 53 = 5*k, n + 10 = -x*n. What is the tens digit of k?
1
Let r be -17*4*1*-2. Let q(f) = -f**2 + 14. Let o be q(3). Suppose 0 = o*c - 9*c + r. What is the tens digit of c?
3
Suppose 4*j = 3*j - 27. Let b = -9 - j. What is the tens digit of 6/9*-3 + b?
1
Suppose 4667 + 8689 = 6*g. What is the units digit of g?
6
Suppose o + 18 = 4*z, 6*o + 24 = o - 2*z. Let y(d) = -d**3 - 3*d**2 + 4*d + 18. What is the units digit of y(o)?
2
Suppose -5*q = -2*b + 590, -4*b + 0*b - 2*q + 1156 = 0. What is the hundreds digit of b?
2
Let j(s) = -s**3 - 4*s**2 - s - 4. Let l be j(-4). Suppose -2*d + 33 + 97 = l. What is the units digit of d?
5
Let o(g) = 2*g - 31. Let v be o(11). What is the units digit of 2 - -94 - 3/v*0?
6
Let z(n) = 2*n**2 - 3*n - 3. Let l be z(3). Suppose l*v - 35 = v. What is the tens digit of v - 3 - (1 - 20)?
2
Let z(y) be the first derivative of -y**3/3 - 2*y**2 + 3*y - 10. Let o be z(-4). Suppose -w + 150 = 2*w + o*b, 2*b = 6. What is the units digit of w?
7
Let x = -678 + 1418. What is the hundreds digit of x?
7
Let s be (24/10)/(18/120). Suppose 5*f = -s - 924. Let h = -134 - f. What is the units digit of h?
4
Let c be 1*(2/(-6) + 0)*3. What is the tens digit of (-72)/c + (6/(-3) - -2)?
7
Let u be -4*((-20)/(-8) - 3). Suppose -s = -2*s -